ue
Is 9702 a multiple of 14?
True
Is 66 a factor of 264?
True
Does 21 divide 1363?
False
Is 6498 a multiple of 14?
False
Is 9787 a multiple of 34?
False
Does 7 divide 1391?
False
Does 85 divide 6970?
True
Is 29 a factor of 2291?
True
Is 81794 a multiple of 229?
False
Is 43 a factor of 1530?
False
Is 7918 a multiple of 107?
True
Is 93 a factor of 2142?
False
Is 112 a multiple of 11?
False
Is 67 a factor of 6298?
True
Is 9 a factor of 3925?
False
Is 400 a multiple of 16?
True
Does 26 divide 2091?
False
Is 32 a factor of 992?
True
Does 9 divide 6566?
False
Is 5769 a multiple of 9?
True
Is 8 a factor of 22166?
False
Is 6 a factor of 2658?
True
Is 131 a factor of 14017?
True
Does 39 divide 507?
True
Does 11 divide 1457?
False
Does 7 divide 1545?
False
Is 97 a multiple of 3?
False
Is 1005 a multiple of 25?
False
Is 21756 a multiple of 196?
True
Is 652 a multiple of 163?
True
Is 30 a factor of 1080?
True
Does 6 divide 308?
False
Is 4511 a multiple of 117?
False
Is 4 a factor of 237?
False
Is 72 a factor of 4853?
False
Does 3 divide 541?
False
Is 5 a factor of 11490?
True
Does 3 divide 3067?
False
Is 42 a factor of 782?
False
Does 2 divide 15175?
False
Is 43 a factor of 5504?
True
Is 21 a factor of 1821?
False
Does 137 divide 6154?
False
Is 2 a factor of 28?
True
Does 106 divide 848?
True
Does 5 divide 31?
False
Is 230 a multiple of 5?
True
Is 14 a factor of 73458?
True
Is 262 a factor of 11004?
True
Is 8 a factor of 7746?
False
Is 4 a factor of 430?
False
Is 2008 a multiple of 19?
False
Is 10 a factor of 255?
False
Does 23 divide 2010?
False
Does 30 divide 2526?
False
Is 32 a factor of 158592?
True
Is 32 a factor of 5032?
False
Is 7474 a multiple of 37?
True
Does 4 divide 608?
True
Does 27 divide 1299?
False
Is 1793 a multiple of 12?
False
Is 1392 a multiple of 71?
False
Does 4 divide 56?
True
Does 15 divide 7995?
True
Does 127 divide 3683?
True
Does 12 divide 251?
False
Is 1344 a multiple of 10?
False
Is 10 a factor of 219?
False
Is 17 a factor of 680?
True
Is 2280 a multiple of 38?
True
Does 9 divide 7264?
False
Is 24 a factor of 38328?
True
Is 13758 a multiple of 21?
False
Does 3 divide 384?
True
Is 27 a factor of 5616?
True
Does 54 divide 2322?
True
Does 195 divide 13735?
False
Does 14 divide 5000?
False
Is 336 a multiple of 7?
True
Does 11 divide 291?
False
Is 598 a multiple of 5?
False
Is 823 even?
False
Is 307 a factor of 58944?
True
Is 8807 a multiple of 40?
False
Is 19775 a multiple of 63?
False
Is 9658 a multiple of 39?
False
Is 4 a factor of 397?
False
Is 11 a factor of 9108?
True
Does 134 divide 10050?
True
Is 8 a factor of 25528?
True
Does 5 divide 10261?
False
Is 20 a factor of 552?
False
Is 645 a multiple of 70?
False
Does 13 divide 43823?
True
Does 13 divide 2847?
True
Is 2904 a multiple of 33?
True
Is 67 a factor of 12127?
True
Is 11 a factor of 213?
False
Does 20 divide 15680?
True
Is 6 a factor of 4759?
False
Is 3402 a multiple of 6?
True
Is 128 a multiple of 8?
True
Does 4 divide 181?
False
Is 3 a factor of 23685?
True
Does 7 divide 413?
True
Does 58 divide 12286?
False
Does 122 divide 12852?
False
Does 9 divide 3483?
True
Is 994 a multiple of 71?
True
Is 1809 a multiple of 13?
False
Does 58 divide 14231?
False
Does 16 divide 1312?
True
Does 14 divide 2128?
True
Is 3936 a multiple of 12?
True
Is 2 a factor of 5505?
False
Is 25329 a multiple of 73?
False
Does 30 divide 547?
False
Is 21 a factor of 858?
False
Is 416 a multiple of 16?
True
Is 6 a factor of 227?
False
Does 60 divide 900?
True
Does 2 divide 7?
False
Is 9 a factor of 118?
False
Is 89 a factor of 13982?
False
Is 4498 a multiple of 10?
False
Is 8 a factor of 6449?
False
Is 14826 a multiple of 14?
True
Does 14 divide 3318?
True
Is 1831 a multiple of 28?
False
Is 4983 a multiple of 56?
False
Is 50 a factor of 900?
True
Does 21 divide 4263?
True
Does 3 divide 20583?
True
Is 117 a factor of 25988?
False
Does 24 divide 576?
True
Does 6 divide 271?
False
Is 15537 a multiple of 15?
False
Is 1001 a multiple of 7?
True
Is 2194 a multiple of 24?
False
Does 85 divide 9265?
True
Does 7 divide 1201?
False
Is 22 a factor of 11792?
True
Is 4 a factor of 798?
False
Is 10683 a multiple of 49?
False
Is 346 even?
True
Does 12 divide 7020?
True
Is 25 a factor of 176?
False
Does 6 divide 234?
True
Does 165 divide 46035?
True
Is 48 a factor of 576?
True
Is 13 a factor of 53548?
False
Does 3 divide 693?
True
Does 19 divide 4650?
False
Does 29 divide 319?
True
Does 2 divide 7990?
True
Does 182 divide 44790?
False
Is 273 a multiple of 39?
True
Does 23 divide 13560?
False
Is 3164 a multiple of 73?
False
Does 114 divide 2508?
True
Is 21 a factor of 2268?
True
Is 896 a multiple of 64?
True
Is 31 a factor of 251?
False
Is 5170 a multiple of 94?
True
Is 61 a factor of 6649?
True
Is 16 a factor of 4251?
False
Does 32 divide 1820?
False
Does 3 divide 1345?
False
Does 20 divide 28080?
True
Does 61 divide 4402?
False
Does 32 divide 2720?
True
Is 86607 a multiple of 10?
False
Is 10164 a multiple of 132?
True
Does 17 divide 15878?
True
Does 7 divide 435?
False
Is 12 a factor of 1776?
True
Is 2034 a multiple of 113?
True
Is 606 a multiple of 3?
True
Is 7 a factor of 796?
False
Is 7 a factor of 4032?
True
Does 8 divide 936?
True
Is 882 a multiple of 25?
False
Does 5 divide 670?
True
Does 3 divide 114?
True
Does 16 divide 116?
False
Does 48 divide 2688?
True
Does 9 divide 7943?
False
Is 31 a factor of 682?
True
Is 16740 a multiple of 36?
True
Is 65 a factor of 14947?
False
Does 22 divide 4532?
True
Is 1135 a multiple of 31?
False
Is 41243 a multiple of 12?
False
Is 2091 a multiple of 3?
True
Does 7 divide 435?
False
Does 15 divide 3490?
False
Does 14 divide 12164?
False
Is 752 a multiple of 8?
True
Does 121 divide 33880?
True
Is 4509 a multiple of 27?
True
Does 17 divide 221?
True
Is 10174 a multiple of 20?
False
Does 371 divide 77944?
False
Is 98 a factor of 2842?
True
Does 16 divide 10176?
True
Is 3273 a multiple of 16?
False
Is 38 a factor of 5054?
True
Is 31 a factor of 11604?
False
Does 21 divide 8331?
False
Is 57 a factor of 513?
True
Is 4 a factor of 5052?
True
Is 18546 a multiple of 8?
False
Does 23 divide 25427?
False
Is 25 a factor of 52?
False
Does 60 divide 1867?
False
Is 5531 a multiple of 82?
False
Is 104 a factor of 6760?
True
Is 32 a factor of 1541?
False
Is 408 a multiple of 8?
True
Does 5 divide 921?
False
Does 174 divide 5039?
False
Is 15240 a multiple of 12?
True
Does 38 divide 2139?
False
Does 13 divide 4597?
False
Does 6 divide 3864?
True
Does 172 divide 13932?
True
Is 850 a multiple of 25?
True
Is 17 a factor of 3621?
True
Does 143 divide 6426?
False
Is 7495 a multiple of 10?
False
Is 2464 a multiple of 2?
True
Is 36 a factor of 93969?
False
Is 66 a factor of 3630?
True
Is 7175 a multiple of 35?
True
Is 15 a factor of 301?
False
Is 29 a factor of 1914?
True
Does 11 divide 3465?
True
Is 27 a factor of 883?
False
Is 1890 a multiple of 3?
True
Is 25 a factor of 229?
False
Does 3 divide 1161?
True
Is 96375 a multiple of 34?
False
Is 12014 a multiple of 210?
False
Is 9156 a multiple of 14?
True
Is 1335 a multiple of 5?
True
Is 139 a factor of 72933?
False
Is 63 a factor of 2835?
True
Is 6220 a multiple of 7?
False
Is 40 a factor of 80?
True
Does 6 divide 31?
False
Is 625 a multiple of 8?
False
Is 91 a factor of 1638?
True
Is 2029 a multiple of 2?
False
Does 58 divide 15834?
True
Is 1901 a multiple of 11?
False
Is 1029 a multiple of 9?
False
Is 23 a factor of 17066?
True
Does 9 divide 863?
False
Does 9 divide 4446?
True
Is 7425 a multiple of 15?
True
Is 33819 a multiple of 178?
False
Is 5544 a multiple of 33?
True
Is 35 a factor of 490?
True
Does 33 divide 1782?
True
Is 448 a multiple of 16?
True
Is 8 a factor of 20504?
True
Is 1827 a multiple of 2?
False
Is 8772 a multiple of 34?
True
Is 13 a factor of 11453?
True
Is 7661 a multiple of 47?
True
Does 9 divide 431?
False
Is 30380 a multiple of 20?
True
Is 2704 a multiple of 19?
False
Is 35018 a multiple of 9?
False
Is 125 a factor of 74066?
False
Does 23 divide 60427?
False
Is 12501 a multiple of 5?
False
Does 24 divide 1838?
False
Is 106 a factor of 89473?
False
Does 7 divide 1799?
True
Is 5220 a multiple of 180?
True
Is 13 a factor of 7410?
True
Is 1096 a multiple of 137?
True
Is 1218 a multiple of 7?
True
Does 136 divide 8840?
True
Is 2